 common factor of 1510 and 640.
10
What is the highest common factor of 199275 and 1945?
5
What is the greatest common divisor of 297320 and 96872?
8
What is the highest common factor of 31280 and 2490440?
920
Calculate the greatest common factor of 138 and 1414740.
6
What is the highest common divisor of 19268540 and 1180?
20
What is the greatest common factor of 80095799 and 301?
301
What is the greatest common factor of 13871385 and 288?
9
Calculate the highest common divisor of 39193025 and 50.
25
What is the highest common factor of 936 and 57715992?
72
Calculate the highest common factor of 88 and 8536726.
22
Calculate the highest common factor of 143021537 and 179.
179
Calculate the greatest common factor of 12 and 329908.
4
What is the highest common factor of 14 and 3088272194?
14
What is the highest common factor of 10076425 and 25?
25
What is the highest common factor of 37956126 and 2?
2
Calculate the greatest common divisor of 15291720 and 216.
216
What is the highest common factor of 180942 and 1065168?
3414
What is the highest common factor of 1565 and 25979313?
313
Calculate the greatest common factor of 65430 and 79146.
18
What is the greatest common divisor of 209556 and 24?
12
Calculate the greatest common factor of 224 and 93197776.
112
Calculate the greatest common divisor of 69853320 and 24.
24
What is the greatest common factor of 1668 and 2476256088?
1668
What is the highest common factor of 232677 and 293921?
251
What is the highest common factor of 473610208 and 2?
2
Calculate the greatest common factor of 3315 and 218946.
39
What is the greatest common divisor of 49546467 and 482?
241
Calculate the highest common divisor of 14152 and 8516.
4
Calculate the highest common divisor of 39852 and 801468.
4428
What is the greatest common factor of 25356017 and 59?
59
Calculate the highest common divisor of 2855567 and 11599887.
13663
Calculate the greatest common divisor of 11617056 and 1254.
1254
Calculate the greatest common factor of 29123590 and 290.
10
What is the highest common divisor of 360771 and 103827?
159
Calculate the highest common divisor of 504 and 13614300.
252
What is the highest common divisor of 136 and 22806248?
136
Calculate the highest common divisor of 144 and 2797848.
72
Calculate the highest common factor of 35 and 44515996.
7
Calculate the highest common divisor of 7640 and 10005344.
1528
What is the highest common factor of 72 and 71512?
8
Calculate the highest common factor of 591432 and 7296.
456
What is the greatest common factor of 74562 and 102039?
129
What is the greatest common divisor of 46 and 5010527?
23
Calculate the greatest common divisor of 6175504 and 6540.
436
What is the highest common divisor of 15180 and 5339910?
690
What is the greatest common divisor of 7676 and 64606266?
202
What is the greatest common divisor of 176126 and 14857?
83
Calculate the greatest common factor of 3572982 and 72.
18
Calculate the highest common factor of 15825212 and 6448.
52
Calculate the highest common divisor of 594236357 and 143.
143
What is the highest common divisor of 2331 and 14781907?
259
What is the highest common factor of 28 and 415527021?
7
Calculate the greatest common divisor of 1990380 and 20580.
2940
Calculate the highest common divisor of 300 and 7302660.
60
What is the greatest common factor of 187893132 and 42?
42
What is the greatest common factor of 237088 and 40756192?
7648
Calculate the highest common divisor of 1113489 and 832.
13
Calculate the highest common factor of 27528981 and 564.
141
What is the greatest common divisor of 429 and 8210631?
429
What is the highest common divisor of 4744974 and 1716?
78
What is the highest common divisor of 35591008 and 128?
32
What is the highest common factor of 240 and 170077680?
240
What is the highest common divisor of 4207875616 and 1184?
1184
Calculate the greatest common divisor of 371400762 and 4338.
1446
Calculate the greatest common divisor of 37240 and 6320.
40
What is the highest common divisor of 29 and 1034585179?
29
What is the greatest common divisor of 7432 and 34980?
4
Calculate the highest common divisor of 53449 and 4785814.
473
What is the highest common factor of 283318 and 7021?
413
Calculate the highest common factor of 291509073 and 348.
87
What is the highest common factor of 88620 and 128100?
420
Calculate the highest common divisor of 131341 and 244789.
29
What is the highest common divisor of 7312907 and 4165?
833
Calculate the greatest common divisor of 148 and 302808148.
148
Calculate the highest common divisor of 83520 and 3083744.
928
What is the highest common factor of 95543328 and 480?
96
What is the highest common factor of 765 and 401335?
5
What is the greatest common factor of 3810 and 37309044?
762
Calculate the greatest common divisor of 49733398 and 34.
34
What is the greatest common divisor of 64202516 and 28?
28
What is the greatest common factor of 13824 and 236160?
1152
Calculate the greatest common factor of 5984 and 581152.
352
Calculate the highest common factor of 2274442537 and 29.
29
What is the highest common divisor of 98563504 and 624?
208
What is the highest common factor of 580245 and 224220?
1515
Calculate the greatest common factor of 502 and 63314.
2
Calculate the greatest common factor of 22 and 4457686.
2
What is the greatest common divisor of 5169130 and 730?
730
Calculate the greatest common factor of 716204688 and 1272.
1272
What is the highest common factor of 8337745 and 325?
65
Calculate the highest common factor of 1192 and 1616448.
8
What is the greatest common divisor of 108 and 1423977354?
54
What is the highest common factor of 918 and 15702606?
54
What is the greatest common factor of 29132814 and 95?
19
Calculate the highest common divisor of 58809182 and 1761.
587
Calculate the greatest common factor of 244 and 882243.
61
What is the highest common divisor of 4779737 and 5846?
79
What is the greatest common divisor of 3201 and 49861977?
3201
Calculate the greatest common factor of 123 and 64965279.
123
Calculate the greatest common divisor of 14484 and 278817.
3621
What is the greatest common factor of 6715808 and 165?
11
What is the greatest common factor of 138984354 and 125856?
7866
What is the greatest common factor of 66341 and 15906?
11
What is the highest common divisor of 53688675 and 60?
15
What is the greatest common factor of 1 and 196854?
1
Calculate the highest common divisor of 48099738 and 654.
654
What is the highest common factor of 33203752 and 326?
326
What is the greatest common divisor of 486205 and 535?
5
Calculate the highest common factor of 2160571939 and 22754.
11377
Calculate the greatest common factor of 33516 and 339724.
28
What is the highest common factor of 14455 and 1132390?
245
Calculate the highest common factor of 54058960 and 240.
80
Calculate the highest common factor of 85558923 and 19926.
3321
Calculate the greatest common factor of 154 and 215190822.
154
Calculate the greatest common factor of 4028 and 362596.
76
What is the highest common divisor of 3706 and 4969831?
17
What is the greatest common factor of 27930616 and 28?
28
Calculate the greatest common factor of 264 and 82863.
33
Calculate the greatest common factor of 313759 and 41291.
263
What is the greatest common factor of 368 and 596005992?
184
Calculate the greatest common divisor of 322096 and 156702.
82
What is the highest common divisor of 66 and 9944418?
66
Calculate the highest common factor of 34812 and 125892.
36
Calculate the greatest common divisor of 29513925 and 392.
49
Calculate the highest common divisor of 17104366 and 3464.
866
Calculate the highest common divisor of 9688 and 1421714.
2422
Calculate the greatest common factor of 234077 and 15721.
79
Calculate the highest common divisor of 1264200 and 2485.
35
What is the greatest common factor of 2751564 and 711708?
5604
Calculate the highest common factor of 1927 and 275889.
41
What is the greatest common factor of 2885 and 1836591?
577
What is the highest common divisor of 1810 and 153820?
10
What is the greatest common factor of 18450 and 10962990?
3690
What is the greatest common divisor of 7735 and 6698272?
119
What is the highest common factor of 11608994 and 306?
34
What is the highe